k. Determine t(a).
-5
Let f = 90 + -77. Let y = 14 - f. Let v(t) = 6*t**3 + t**2. Calculate v(y).
7
Let m(b) = 23*b**2 + 2*b - 14. Let i(t) = 19*t**2 + 3*t - 15. Let w(z) = 6*i(z) - 5*m(z). Give w(5).
-5
Let i(u) = 10*u**2 + 11*u - 27. Let f(s) = 3*s**2 + 4*s - 9. Let r be 3 + (-4 - (-1 - 2)). Let q(h) = r*i(h) - 7*f(h). Calculate q(-7).
2
Let r(y) be the first derivative of -21*y**4/4 - y**2 - y + 645. Give r(-1).
22
Let i(w) = -9*w**2 + 10*w**2 + 0*w + 1 - w. Let u be i(-1). Let k(f) = -2*f - 4. Determine k(u).
-10
Let p(r) = r - 7. Let w(z) = z**2 + 4*z - 46. Let l(f) = 6*p(f) - w(f). Determine l(3).
1
Let k(f) = f**2 - 9*f + 8. Let v(o) = o**2 - 8*o + 6. Let g(q) = 5*k(q) - 6*v(q). Determine g(5).
-6
Suppose -25 - 11 = -6*t. Let s(b) = t + 7*b - b + 7 - 5*b. What is s(-6)?
7
Let k(z) = 4*z - 2. Let t(y) = 4*y + 5. Let b(s) = -8*s - 11. Let i(p) = -6*b(p) - 13*t(p). Let h(g) = 5*i(g) + 4*k(g). Give h(-3).
9
Let l(q) be the third derivative of 1/12*q**4 - 7/6*q**3 + 0 + 0*q - 9*q**2. Calculate l(7).
7
Let t(z) be the third derivative of z**6/24 - z**5/30 + z**3/6 - 4*z**2. Let p(d) = d - 1. Let u be p(0). Give t(u).
-6
Let y(z) = 5*z**2 + 23*z + 13. Let l(q) = 3*q**2 + 12*q + 6. Let u(i) = 7*l(i) - 4*y(i). Give u(11).
23
Let m(v) = -7*v**3 + 2*v**2 + 9*v - 2. Let j(h) = 8*h**3 - 2*h**2 - 10*h + 2. Let r(w) = -6*j(w) - 7*m(w). Let z = 475 + -473. Calculate r(z).
-4
Let x(d) be the second derivative of d**5/20 + d**4/12 + 5*d**2/2 + d + 39. Give x(0).
5
Let d(l) = -l**2 - 3*l + 13. Let n = -435 + 429. Determine d(n).
-5
Let i(b) = b**3 - 3*b**2 - 6*b + 4. Let r be (-47)/(-4) - 6/8. Let m(h) = -3*h - h**2 + 4*h + 18 + 9*h - 3. Let x be m(r). Calculate i(x).
-4
Let h(m) = m**2. Let b(z) = -2*z**3 + 4*z**2 - 5*z + 2. Let n(j) = -b(j) - 3*h(j). Determine n(4).
34
Let c(j) = -23*j**2 - 3*j - 2. Suppose -145*h = -139*h + 6. Determine c(h).
-22
Let q(m) = -152 + 157 + 12*m - 11*m. Calculate q(-5).
0
Let w(a) = 2*a - 1. Let y(l) = -3*l. Let q be (3 + -1)/((-19)/(-38)). Let v(i) = q*w(i) + 3*y(i). Determine v(-4).
0
Let g(k) = 0 + 46*k**2 - 4*k - 47*k**2 + 3. Give g(-4).
3
Let f(p) = p**2 + 5*p + 5. Let y = -131 - -126. What is f(y)?
5
Let j be (2/6)/(2/282). Suppose -5*l - j = -17. Let m(c) be the first derivative of c**3/3 + 3*c**2 + 6*c - 746. Calculate m(l).
6
Let m = 85 + -83. Suppose 0 = -u - 2*u + 4*r + 14, -2*r = 2*u - 28. Suppose -u = 4*g + m. Let v(b) = -b**2 + 4. Determine v(g).
-5
Let t be 0 - 0 - (0 - 0). Suppose 0 = -t*m - 3*m. Let i(k) = k + 0 - 3*k + m - 1. Calculate i(-3).
5
Let a(n) = -n**3 - 27*n**2 - 15*n + 285. Let b be a(-26). Let m(s) = -32*s**3 - s**2 + 1. What is m(b)?
32
Let d(c) = -8*c**2 - 40 - 160*c + 177*c - 11 - 6*c**2 + 0*c**3 + c**3. Calculate d(13).
1
Let b(h) be the first derivative of -h**4/4 + 7*h**3/3 - 4*h**2 + 7*h + 90. Calculate b(6).
-5
Let i(x) = x + x**2 + 4*x**2 - 3 - 5*x**2 - x**2. Let s be (7 + -4)/(1 - 2). Calculate i(s).
-15
Suppose 39*l - 36*l + 6 = 0. Let r(z) = 6*z - 4. What is r(l)?
-16
Let o(l) be the second derivative of l**3/3 - 3*l. Let i(b) = b**3 + 7*b**2 - 10*b - 10. Suppose -3*n = -4*n - 8. Let w be i(n). Calculate o(w).
12
Let q(p) = p**2 + 9*p + 2. Suppose 148 = -8*b + 52. What is q(b)?
38
Let m = 89 + -61. Let f = m + -24. Let j(h) be the first derivative of -h**2/2 - 4*h - 1. Calculate j(f).
-8
Let w(n) = n**3 - 6*n**2 - 6*n + 5. Suppose -588 = 44*d - 128*d. Calculate w(d).
12
Suppose 16*a - 16*a = -6*a. Let g(k) be the second derivative of 0 - 7/2*k**2 + 1/6*k**3 + k. What is g(a)?
-7
Let t be (-8)/16 + 3/(-6). Suppose 7 - 9 = -r. Let p(a) = -4 + 9*a**r - 2*a + 1 - 7*a**2 + 2. Give p(t).
3
Let t(m) = 8*m - 12. Let i be t(5). Let p = i + -64. Let o be ((-1)/2)/((-9)/p). Let n(z) = z. Calculate n(o).
-2
Let k(f) = f**3 - 7*f**2 + 3*f. Let q = -527 + 534. What is k(q)?
21
Let p(a) = 3*a**2 + 9*a + 9. Let x(f) = -5*f**2 - 17*f - 17. Let m(c) = -7*p(c) - 4*x(c). Let u(s) = 6*s**2 - 3*s + 2. Let i be u(1). Determine m(i).
5
Let m(o) be the third derivative of o**5/30 - o**3/3 - 3*o**2. Give m(-2).
6
Let i(a) be the second derivative of -a**3/6 + 5*a**2 + a + 37. What is i(-8)?
18
Let j(b) = 3*b + 2. Let t(c) be the first derivative of c**4/4 - 5*c**3/3 + c**2/2 - 7*c + 2. Let i = -61 - -66. Let y be t(i). Give j(y).
-4
Let n(i) = i**2 - i - 5. Let f(y) = -25*y**2. Let z be f(1). Let u = -25 - z. What is n(u)?
-5
Suppose -4*c - 21 = -5. Let w(p) = 4*p + 9. Let d be w(c). Let l(o) = -o**3 - 7*o**2 + 2*o + 5. Determine l(d).
-9
Let r(y) = y**2 - 6. Let n = -43 + 43. Suppose 4*x + 4*q + 8 = n, 9 = q + 2*q. Give r(x).
19
Let n(i) be the first derivative of i**5/20 - 7*i**4/12 + i**3/6 - i**2 - 44*i - 17. Let x(z) be the first derivative of n(z). Determine x(7).
5
Let r(u) = -u**3 + 7*u**2 + 3*u - 10. Let g = -367 - -374. What is r(g)?
11
Let f be ((-88)/(-10))/((-20)/(-50)). Suppose -f*i - 36 = -18*i. Let k(p) = -p - 10. Let w be k(i). Let s(b) = 13*b**2 - b - 1. Determine s(w).
13
Suppose -8 - 10 = -9*s. Let y(l) be the second derivative of -1/20*l**5 - 4*l + 0 - s*l**2 + 2/3*l**3 + 1/4*l**4. Determine y(3).
8
Let y(a) = 4 - 4*a**3 + 4*a**3 - 5*a**2 + a**3. Let o(l) = l**2 - 6*l - 11. Let g be o(8). Suppose 0 = g*b + 4*k + k, -4*b + 30 = -2*k. Calculate y(b).
4
Let n(o) = o + 10. Let x be n(-3). Let f(r) = 11*r**2 - r**2 + x - 1 - r**2 - 8*r - r**3. What is f(8)?
6
Let s(a) = -9 - 17*a - 11 + 13*a + a**2 - 4 + 16. Suppose -2*q - 14 = -2*i, -2*i + 2*q + 15 = -q. Give s(i).
4
Let q(j) = -j + 1. Suppose 0 = -2*r + 5*c + 1 - 7, r - 3 = c. Give q(r).
-6
Let r = -74 + 76. Let n(h) = 5 - r - 2*h**3 - 4 + 2*h. Give n(1).
-1
Let s(d) be the first derivative of -13 - 8*d + d**2 + 1/4*d**4 - 7/3*d**3. Let c(l) = 2*l - 5. Let r be c(6). What is s(r)?
6
Let l(h) be the second derivative of 36*h - 2/3*h**3 - 1/12*h**4 + 0 - 1/2*h**2. What is l(-5)?
-6
Let r(b) = -31*b**3 + 2*b**2 - 1. Let k be (-56)/(-7) + -4 - 40/8. Determine r(k).
32
Let s(m) = -23*m**2 - 6*m - 10. Let a(l) = -13*l**2 - 3*l - 6. Let u(d) = -7*a(d) + 4*s(d). Give u(-6).
-16
Suppose -5*b - 29 = -9. Let k(f) be the second derivative of f**4/12 - f**2/2 - 22*f. Let n(r) = -3*r**2 + 4*r + 9. Let d(y) = 4*k(y) + n(y). Calculate d(b).
5
Let n(x) = -25*x + 20. Let r(a) = -108*a + 81. Let z(u) = -26*n(u) + 6*r(u). Give z(14).
-6
Suppose 11*a - 14*a = 0. Let g(h) = -h**2 + h + 15. Calculate g(a).
15
Let r = -399 + 391. Let p(x) = -2*x - 10. Determine p(r).
6
Let v(m) be the second derivative of -m**5/20 + m**4/2 - 5*m**3/6 + 5*m**2/2 + 97*m. Determine v(4).
17
Let c(j) = -7*j**2 - 2*j. Let g(v) = 9*v**2 + 2*v - 1. Let a(b) = -3*c(b) - 2*g(b). Give a(-3).
23
Let b(n) = -47. Let f(w) = w - 192. Let g(o) = 9*b(o) - 2*f(o). Calculate g(-19).
-1
Let f(b) = 18*b + 13. Let n(l) = -8*l - 6. Let z(s) = -2*f(s) - 5*n(s). Determine z(7).
32
Let s(l) = -8*l**2 + 4*l - 10. Let i be 3/(-2) + 2/4. Let j(p) = -p**2 - 1. Let m(g) = i*s(g) + 6*j(g). Let f = 67 - 64. Give m(f).
10
Let m(z) = -10*z**2 + z + 4. Let i be m(-1). Let y(j) = j**3 + 6*j**2 - 10*j - 4. What is y(i)?
17
Let p(b) be the second derivative of -b**3/3 - 5*b. Let x be 1 - (-20)/(-70)*(1 - -6). What is p(x)?
2
Let d(i) be the first derivative of -i**2 - 2*i - 1. Let k = 107 - 104. Suppose 3*o - 24 = 4*t, -k*t + 4*o = 24 + 1. What is d(t)?
4
Let z(m) be the third derivative of -m**4/12 + 2*m**3/3 + m**2. Let w be 2*(27/6)/(-3). Let v be (w + 9)/(2/2). Calculate z(v).
-8
Let r(i) be the first derivative of i**2/2 - 4*i - 235. What is r(3)?
-1
Let j(x) = 13*x**2 - 2*x + 1. Let k(b) = 3*b - 24. Let q(u) = u - 6. Let h(i) = -4*k(i) + 15*q(i). Let w be h(-4). Let n be (2 + 1)/(w/(-2)). Calculate j(n).
12
Let q(g) = 5*g**2 - 11*g + 3. Let h(i) = -7*i**2 + 12*i - 3. Let z(y) = 2*h(y) + 3*q(y). Give z(5).
-17
Let w(v) = -v**3 + 24*v**2 + 26*v - 36. Let n(c) = c**3 + 25*c**2 - 58*c - 83. Let b be n(-27). Calculate w(b).
-11
Suppose -3*p = -4*k - 54, -5*p - 4*k + 113 = -3*k. Let x(t) = 5 - 4 + 12*t - p*t. Let n = -1 - 0. Determine x(n).
11
Let i(j) = -j**3 + 6*j**2 - 5*j - 1. Suppose -12 = -4*h + 3*h. Suppose -7*q = -h*q + 25. Determine i(q).
-1
Let n(l) = -5*l - 64. Let v be n(-15). Suppose -6*x - v + 17 = 0. Let i(j) = -10*j**3 + j**2 - j. What is i(x)?
-10
Let t(f) = -f**2 + 9*f - 3. Let b(x) = x**2 - 8*x